{"id":24,"date":"2022-09-26T14:25:48","date_gmt":"2022-09-26T12:25:48","guid":{"rendered":"https:\/\/musop.fi\/muha7\/?page_id=24"},"modified":"2025-08-21T13:27:48","modified_gmt":"2025-08-21T11:27:48","slug":"muha7-yleinen-musiikkitieto","status":"publish","type":"page","link":"https:\/\/musop.fi\/muha7\/","title":{"rendered":"MUHA7 &#8211; Yleinen musiikkitieto"},"content":{"rendered":"\t\t<div data-elementor-type=\"wp-page\" data-elementor-id=\"24\" class=\"elementor elementor-24\">\n\t\t\t\t\t\t<section class=\"elementor-section elementor-top-section elementor-element elementor-element-84dc1bc elementor-section-height-min-height elementor-section-boxed elementor-section-height-default elementor-section-items-middle\" data-id=\"84dc1bc\" data-element_type=\"section\" data-e-type=\"section\" data-settings=\"{&quot;background_background&quot;:&quot;video&quot;,&quot;background_video_link&quot;:&quot;https:\\\/\\\/musop.fi\\\/muha7\\\/wp-content\\\/uploads\\\/2022\\\/09\\\/Untitled-design.mp4&quot;}\">\n\t\t\t\t\t\t\t\t<div class=\"elementor-background-video-container elementor-hidden-mobile\">\n\t\t\t\t\t\t\t\t\t\t\t\t\t<video class=\"elementor-background-video-hosted\" role=\"presentation\" autoplay muted playsinline loop><\/video>\n\t\t\t\t\t\t\t\t\t\t\t<\/div>\n\t\t\t\t\t\t\t\t\t<div class=\"elementor-background-overlay\"><\/div>\n\t\t\t\t\t\t\t<div class=\"elementor-container elementor-column-gap-default\">\n\t\t\t\t\t<div class=\"elementor-column elementor-col-100 elementor-top-column elementor-element elementor-element-888e4ce\" data-id=\"888e4ce\" data-element_type=\"column\" data-e-type=\"column\">\n\t\t\t<div class=\"elementor-widget-wrap elementor-element-populated\">\n\t\t\t\t\t\t<div class=\"elementor-element elementor-element-fce09d8 elementor-widget elementor-widget-heading\" data-id=\"fce09d8\" data-element_type=\"widget\" data-e-type=\"widget\" data-widget_type=\"heading.default\">\n\t\t\t\t<div class=\"elementor-widget-container\">\n\t\t\t\t\t<h2 class=\"elementor-heading-title elementor-size-default\">MUHA 7 - YLEINEN MUSIIKKITIETO<\/h2>\t\t\t\t<\/div>\n\t\t\t\t<\/div>\n\t\t\t\t\t<\/div>\n\t\t<\/div>\n\t\t\t\t\t<\/div>\n\t\t<\/section>\n\t\t\t\t<section class=\"elementor-section elementor-top-section elementor-element elementor-element-647f715 elementor-section-boxed elementor-section-height-default elementor-section-height-default\" data-id=\"647f715\" data-element_type=\"section\" data-e-type=\"section\">\n\t\t\t\t\t\t<div class=\"elementor-container elementor-column-gap-default\">\n\t\t\t\t\t<div class=\"elementor-column elementor-col-100 elementor-top-column elementor-element elementor-element-bcc5651\" data-id=\"bcc5651\" data-element_type=\"column\" data-e-type=\"column\">\n\t\t\t<div class=\"elementor-widget-wrap elementor-element-populated\">\n\t\t\t\t\t\t<div class=\"elementor-element elementor-element-cb30797 elementor-widget elementor-widget-heading\" data-id=\"cb30797\" data-element_type=\"widget\" data-e-type=\"widget\" data-widget_type=\"heading.default\">\n\t\t\t\t<div class=\"elementor-widget-container\">\n\t\t\t\t\t<h2 class=\"elementor-heading-title elementor-size-default\">Lukuvuosi 2025 - 2026 <br> Itseopiskelukurssi<\/h2>\t\t\t\t<\/div>\n\t\t\t\t<\/div>\n\t\t\t\t<div class=\"elementor-element elementor-element-018c981 elementor-widget elementor-widget-text-editor\" data-id=\"018c981\" data-element_type=\"widget\" data-e-type=\"widget\" data-widget_type=\"text-editor.default\">\n\t\t\t\t<div class=\"elementor-widget-container\">\n\t\t\t\t\t\t\t\t\t<p>Voit suorittaa Muha 7:n eli <b>Yleisen musiikkitiedon &#8211;<\/b>kurssin\u00a0itseopiskelukurssina.<\/p>\t\t\t\t\t\t\t\t<\/div>\n\t\t\t\t<\/div>\n\t\t\t\t<div class=\"elementor-element elementor-element-6b87bb8 elementor-widget elementor-widget-heading\" data-id=\"6b87bb8\" data-element_type=\"widget\" data-e-type=\"widget\" data-widget_type=\"heading.default\">\n\t\t\t\t<div class=\"elementor-widget-container\">\n\t\t\t\t\t<h2 class=\"elementor-heading-title elementor-size-default\">Ilmoittautuminen<\/h2>\t\t\t\t<\/div>\n\t\t\t\t<\/div>\n\t\t\t\t<div class=\"elementor-element elementor-element-1630d60 elementor-widget elementor-widget-text-editor\" data-id=\"1630d60\" data-element_type=\"widget\" data-e-type=\"widget\" data-widget_type=\"text-editor.default\">\n\t\t\t\t<div class=\"elementor-widget-container\">\n\t\t\t\t\t\t\t\t\t<p>\u00a0<\/p><p><b>Kurssille ilmoittautuminen on tapahtunut jatkoilmoittautumisen yhteydess\u00e4.\u00a0 Jos Sinulta on j\u00e4\u00e4ny ilmoittautuminen tekem\u00e4tt\u00e4, voit ilmoittautua suoraan Pekka Suomiselle ( pekka.suominen@porvoo.fi) 15.9.2025 menness\u00e4.<\/b><\/p><p><strong>Lis\u00e4tiedot:<\/strong>Lis\u00e4tietoja kurssista l\u00f6yd\u00e4t kurssin kotisivulta eli t\u00e4lt\u00e4 sivulta:<br \/>https:\/\/musop.fi\/muha7\/<br \/>15.9.2025 l\u00e4htien<\/p>\t\t\t\t\t\t\t\t<\/div>\n\t\t\t\t<\/div>\n\t\t\t\t<div class=\"elementor-element elementor-element-1892255 elementor-widget elementor-widget-heading\" data-id=\"1892255\" data-element_type=\"widget\" data-e-type=\"widget\" data-widget_type=\"heading.default\">\n\t\t\t\t<div class=\"elementor-widget-container\">\n\t\t\t\t\t<h3 class=\"elementor-heading-title elementor-size-default\">Kurssin suorittaminen<\/h3>\t\t\t\t<\/div>\n\t\t\t\t<\/div>\n\t\t\t\t<div class=\"elementor-element elementor-element-d42324d elementor-widget elementor-widget-text-editor\" data-id=\"d42324d\" data-element_type=\"widget\" data-e-type=\"widget\" data-widget_type=\"text-editor.default\">\n\t\t\t\t<div class=\"elementor-widget-container\">\n\t\t\t\t\t\t\t\t\t<p><span style=\"color: var( --e-global-color-text ); font-family: var( --e-global-typography-text-font-family ), Sans-serif; font-weight: var( --e-global-typography-text-font-weight ); background-color: var(--global--color-background); font-size: var(--global--font-size-base);\">Itseopiskelukurssi suoritetaan tutustumalla itsen\u00e4isesti annettuun materiaaliin.<\/span><\/p><p>Materiaalin perusteella vastataan annettuihin teht\u00e4viin.<\/p><p>Teht\u00e4vi\u00e4 on syyslukukaudella kolme ja kev\u00e4tlukukaudella nelj\u00e4.<\/p><p>Kurssin suorittaminen edellytt\u00e4\u00e4, ett\u00e4 kaikkiin seitsem\u00e4\u00e4n teht\u00e4v\u00e4\u00e4n vastataan<\/p>\t\t\t\t\t\t\t\t<\/div>\n\t\t\t\t<\/div>\n\t\t\t\t<div class=\"elementor-element elementor-element-9bb9d85 elementor-widget elementor-widget-text-editor\" data-id=\"9bb9d85\" data-element_type=\"widget\" data-e-type=\"widget\" data-widget_type=\"text-editor.default\">\n\t\t\t\t<div class=\"elementor-widget-container\">\n\t\t\t\t\t\t\t\t\t<p>Teht\u00e4vien julkaisu- ja palautusp\u00e4iv\u00e4m\u00e4\u00e4r\u00e4t ilmenstyv\u00e4t&nbsp; elokuun 2025 lopulla.<\/p>\t\t\t\t\t\t\t\t<\/div>\n\t\t\t\t<\/div>\n\t\t\t\t<div class=\"elementor-element elementor-element-5beca5a elementor-widget elementor-widget-button\" data-id=\"5beca5a\" data-element_type=\"widget\" data-e-type=\"widget\" data-widget_type=\"button.default\">\n\t\t\t\t<div class=\"elementor-widget-container\">\n\t\t\t\t\t\t\t\t\t<div class=\"elementor-button-wrapper\">\n\t\t\t\t\t<a class=\"elementor-button elementor-button-link elementor-size-sm\" href=\"https:\/\/musop.fi\/muha7\/kurssisisalto\/\">\n\t\t\t\t\t\t<span class=\"elementor-button-content-wrapper\">\n\t\t\t\t\t\t\t\t\t<span class=\"elementor-button-text\">KURSSISI\u00c4LT\u00d6<\/span>\n\t\t\t\t\t<\/span>\n\t\t\t\t\t<\/a>\n\t\t\t\t<\/div>\n\t\t\t\t\t\t\t\t<\/div>\n\t\t\t\t<\/div>\n\t\t\t\t\t<\/div>\n\t\t<\/div>\n\t\t\t\t\t<\/div>\n\t\t<\/section>\n\t\t\t\t<\/div>\n\t\t","protected":false},"excerpt":{"rendered":"<p>MUHA 7 &#8211; YLEINEN MUSIIKKITIETO Lukuvuosi 2025 &#8211; 2026 Itseopiskelukurssi Voit suorittaa Muha 7:n eli Yleisen musiikkitiedon &#8211;kurssin\u00a0itseopiskelukurssina. Ilmoittautuminen \u00a0 Kurssille ilmoittautuminen on tapahtunut jatkoilmoittautumisen yhteydess\u00e4.\u00a0 Jos Sinulta on j\u00e4\u00e4ny ilmoittautuminen tekem\u00e4tt\u00e4, voit ilmoittautua suoraan Pekka Suomiselle ( pekka.suominen@porvoo.fi) 15.9.2025 menness\u00e4. Lis\u00e4tiedot:Lis\u00e4tietoja kurssista l\u00f6yd\u00e4t kurssin kotisivulta eli t\u00e4lt\u00e4 sivulta:https:\/\/musop.fi\/muha7\/15.9.2025 l\u00e4htien Kurssin suorittaminen Itseopiskelukurssi suoritetaan tutustumalla<a class=\"more-link\" href=\"https:\/\/musop.fi\/muha7\/\">Continue reading <span class=\"screen-reader-text\">&#8221;MUHA7 &#8211; Yleinen musiikkitieto&#8221;<\/span><\/a><\/p>\n","protected":false},"author":2,"featured_media":0,"parent":0,"menu_order":0,"comment_status":"closed","ping_status":"closed","template":"elementor_header_footer","meta":{"footnotes":""},"class_list":["post-24","page","type-page","status-publish","hentry","entry"],"_links":{"self":[{"href":"https:\/\/musop.fi\/muha7\/wp-json\/wp\/v2\/pages\/24","targetHints":{"allow":["GET"]}}],"collection":[{"href":"https:\/\/musop.fi\/muha7\/wp-json\/wp\/v2\/pages"}],"about":[{"href":"https:\/\/musop.fi\/muha7\/wp-json\/wp\/v2\/types\/page"}],"author":[{"embeddable":true,"href":"https:\/\/musop.fi\/muha7\/wp-json\/wp\/v2\/users\/2"}],"replies":[{"embeddable":true,"href":"https:\/\/musop.fi\/muha7\/wp-json\/wp\/v2\/comments?post=24"}],"version-history":[{"count":85,"href":"https:\/\/musop.fi\/muha7\/wp-json\/wp\/v2\/pages\/24\/revisions"}],"predecessor-version":[{"id":848,"href":"https:\/\/musop.fi\/muha7\/wp-json\/wp\/v2\/pages\/24\/revisions\/848"}],"wp:attachment":[{"href":"https:\/\/musop.fi\/muha7\/wp-json\/wp\/v2\/media?parent=24"}],"curies":[{"name":"wp","href":"https:\/\/api.w.org\/{rel}","templated":true}]}}